 prime?
True
Is 37117 prime?
True
Is 14227 prime?
False
Is 6439 a prime number?
False
Is 7115 a prime number?
False
Is 87411 prime?
False
Is 989467 a composite number?
False
Is 2517 a prime number?
False
Is 3079 a composite number?
False
Is 37397 a composite number?
False
Is 5471 a prime number?
True
Is 2179 prime?
True
Is 958 a prime number?
False
Is 355715 composite?
True
Is 66373 a composite number?
False
Is 32083 a composite number?
False
Is 159899 composite?
False
Is 45107 a composite number?
True
Is 263803 composite?
False
Is 28901 a prime number?
True
Is 8491 composite?
True
Is 28789 a composite number?
False
Is 676447 a composite number?
True
Is 28559 a composite number?
False
Is 471461 composite?
True
Is 11903 composite?
False
Is 54037 prime?
True
Is 316271 composite?
False
Is 14519 composite?
False
Is 397747 a prime number?
False
Is 277957 a prime number?
False
Is 308557 a prime number?
False
Is 383963 a prime number?
True
Is 653153 prime?
True
Is 1185071 prime?
True
Is 14579 composite?
True
Is 28489 prime?
False
Is 2535591 a composite number?
True
Is 18826 a prime number?
False
Is 80479 a prime number?
False
Is 466573 a composite number?
False
Is 809 a prime number?
True
Is 14545 a composite number?
True
Is 2030591 a prime number?
True
Is 3017 a composite number?
True
Is 12449 prime?
False
Is 4703 a prime number?
True
Is 8171 composite?
False
Is 847859 a prime number?
False
Is 303749 prime?
True
Is 253841 a prime number?
False
Is 528289 composite?
False
Is 538093 composite?
False
Is 36559 a composite number?
False
Is 790271 composite?
False
Is 3464683 composite?
False
Is 163729 prime?
True
Is 1162141 composite?
True
Is 5251 prime?
False
Is 17943 prime?
False
Is 181639 a composite number?
False
Is 675029 prime?
True
Is 2309 composite?
False
Is 42239 a composite number?
False
Is 97297 a composite number?
True
Is 607983 composite?
True
Is 418597 composite?
False
Is 11969 a composite number?
False
Is 962779 composite?
False
Is 1004233 a composite number?
False
Is 475773 prime?
False
Is 30211 a composite number?
False
Is 951757 a composite number?
True
Is 375763 a composite number?
True
Is 123961 prime?
False
Is 7613 composite?
True
Is 245171 prime?
True
Is 16671 composite?
True
Is 16787 a composite number?
False
Is 29243 a prime number?
True
Is 71761 composite?
False
Is 1237001 composite?
False
Is 207923 composite?
False
Is 36433 a prime number?
True
Is 34399 prime?
False
Is 41878 a prime number?
False
Is 281261 a prime number?
False
Is 29083 a prime number?
False
Is 40537 composite?
True
Is 800095 prime?
False
Is 40693 a composite number?
False
Is 851 composite?
True
Is 167437 a prime number?
True
Is 286537 a prime number?
False
Is 48731 a composite number?
False
Is 326437 a composite number?
False
Is 7831 a composite number?
True
Is 8746 a composite number?
True
Is 17002 a composite number?
True
Is 2479 a composite number?
True
Is 14669 prime?
True
Is 62389 composite?
True
Is 42827 a composite number?
True
Is 492227 a prime number?
True
Is 53281 composite?
False
Is 111 prime?
False
Is 203113 a prime number?
False
Is 681481 a prime number?
True
Is 4377 composite?
True
Is 4513 prime?
True
Is 297883 a prime number?
False
Is 24577 composite?
True
Is 434879 a composite number?
True
Is 564385 a composite number?
True
Is 1277 a prime number?
True
Is 3659 a composite number?
False
Is 39421 a composite number?
True
Is 3353 a composite number?
True
Is 1302689 composite?
False
Is 9193 prime?
False
Is 44159 composite?
False
Is 3073 a prime number?
False
Is 34631 a composite number?
False
Is 24758 composite?
True
Is 3449 a composite number?
False
Is 68567 a prime number?
True
Is 1259 a composite number?
False
Is 626113 a prime number?
True
Is 62641 composite?
True
Is 45151 prime?
False
Is 16123 a composite number?
True
Is 21869 prime?
False
Is 6189 a composite number?
True
Is 550513 a composite number?
False
Is 91249 a composite number?
False
Is 912355 prime?
False
Is 33997 composite?
False
Is 16565 prime?
False
Is 7541 prime?
True
Is 769 a prime number?
True
Is 581809 a prime number?
True
Is 287299 a composite number?
True
Is 2583811 prime?
True
Is 54517 prime?
True
Is 8102903 composite?
False
Is 10541 a prime number?
False
Is 7637 composite?
True
Is 5663 prime?
False
Is 171537 a prime number?
False
Is 26017 a composite number?
False
Is 7438 a composite number?
True
Is 1054187 a prime number?
False
Is 456367 prime?
True
Is 9865 prime?
False
Is 573161 prime?
True
Is 10427 a composite number?
False
Is 194455 composite?
True
Is 5381 a composite number?
False
Is 59461 a prime number?
False
Is 2605 a prime number?
False
Is 4049 composite?
False
Is 218534 a composite number?
True
Is 59197 composite?
False
Is 44953 composite?
False
Is 119069 composite?
False
Is 14699 a prime number?
True
Is 20329 a composite number?
True
Is 8743 prime?
False
Is 441341 prime?
False
Is 193931 a prime number?
False
Is 124094 prime?
False
Is 1721 a prime number?
True
Is 15101 a composite number?
False
Is 14047 composite?
True
Is 33805 prime?
False
Is 72767 prime?
True
Is 5939 a composite number?
False
Is 702587 a prime number?
True
Is 337199 composite?
True
Is 595613 prime?
True
Is 354821 prime?
False
Is 6839 composite?
True
Is 7609 a prime number?
False
Is 2609 a composite number?
False
Is 41707 a prime number?
False
Is 73637 a composite number?
False
Is 37486 composite?
True
Is 2603 prime?
False
Is 6389 composite?
False
Is 143369 prime?
False
Is 1889 prime?
True
Is 3163 a composite number?
False
Is 23549 a composite number?
False
Is 904559 composite?
False
Is 2453 a composite number?
True
Is 53591 a composite number?
False
Is 396667 a prime number?
True
Is 1847 composite?
False
Is 426453 a prime number?
False
Is 165857 composite?
False
Is 216967 prime?
True
Is 12589 a prime number?
True
Is 1143457 prime?
False
Is 591233 a composite number?
False
Is 4439 prime?
False
Is 13507 a prime number?
False
Is 25183 a prime number?
True
Is 20599 a prime number?
True
Is 6081 composite?
True
Is 3143533 a composite number?
False
Is 50011 a composite number?
True
Is 16301 a composite number?
False
Is 13669 prime?
True
Is 5021 a composite number?
False
Is 1687729 prime?
True
Is 371 a composite number?
True
Is 933 a prime number?
False
Is 185323 a prime number?
True
Is 122119 prime?
False
Is 628583 a composite number?
False
Is 2167363 composite?
True
Is 96013 composite?
False
Is 366941 a composite number?
False
Is 21763 composite?
True
Is 123791 prime?
True
Is 707 a composite number?
True
Is 159361 composite?
False
Is 56039 a prime number?
True
Is 460193 prime?
False
Is 55763 a prime number?
True
Is 6881 prime?
False
Is 40943 prime?
False
Is 129547 composite?
True
Is 244109 a prime number?
True
Is 50311 a prime number?
True
Is 94114 a composite number?
True
Is 33529 a composite number?
False
Is 7778 a prime number?
False
Is 407831 prime?
False
Is 605221 composite?
False
Is 82609 composite?
False
Is 66037 composite?
False
Is 773349 prime?
False
Is 584951 prime?
True
Is 5617 a composite number?
True
Is 592691 composite?
True
Is 28799 composite?
True
Is 1556837 prime?
True
Is 55163 a composite number?
False
Is 1127135 a composite number?
True
Is 284957 a prime number?
True
Is 9391 composite?
False
Is 370607 prime?
False
Is 12451 a prime number?
True
Is 590397 composite?
True
Is 85597 composite?
False
Is 40045 composite?
True
Is 7153 prime?
False
Is 241909 a prime number?
False
Is 29689 a prime number?
False
Is 130673 composite?
True
Is 221707 prime?
True
Is 376127 prime?
True
Is 130279 a prime number?
True
Is 4111 composite?
False
Is 26947 a prime number?
True
Is 25939 composite?
False
Is 1192337 prime?
True
Is 11633 a prime number?
True
Is 7061 composite?
True
Is 8209 a composite number?
False
Is 4211 composite?
False
Is 24022 a prime number?
False
Is 563249 a prime number?
True
Is 48851 composite?
True
Is 102759 prime?
False
Is 1651093 a composite number?
False
Is 1783 a composite number?
False
Is 401909 prime?
True
Is 419 prime?
True
Is 13863 a composite number?
True
Is 237467 a composite number?
False
Is 371057 a composite number?
False
Is 837357 a prime number?
False
Is 364739 a composite number?
False
Is 9601 a prime number?
True
Is 4637 a composite number?
False
Is 34229 prime?
F